 g?
7
Let b = 3059 - 1586. What is the tens digit of b?
7
Suppose -j + 2 = -1, -15 = -i - 4*j. Suppose i*f + 3*k + 982 = -k, 4*f + 5*k = -1309. What is the units digit of 4/(-14) - f/14?
3
Let x be 0*(5/6 + 3/(-9)). Let p = 183 + x. What is the tens digit of p?
8
Suppose 0 = w + 2*r + 8, -2*w - 6 + 2 = r. What is the tens digit of w + 3/(9/30)?
1
Let r be (-9)/6*16/3. Let o = -4 - r. Suppose 3*g - 56 = 5*v, -o*g + 42 = -2*g - v. What is the tens digit of g?
2
What is the tens digit of 9/(-12)*-1182 + (-8)/(-16)?
8
Let c = -47 - -51. Suppose -c*k + 2*a - 3*a = -568, 2*k + 3*a = 274. What is the hundreds digit of k?
1
What is the units digit of (-27)/((-5)/270*3)?
6
Let q = -108 - -156. Let p(r) = -8*r + 14. Let w be p(-8). Suppose -w = -5*z - 3*i, -3*i - q = -3*z + z. What is the units digit of z?
8
Let k = 405 - 44. What is the tens digit of k?
6
Suppose -6*n + 3*n + 4*o + 1493 = 0, 4*n - 1982 = o. What is the units digit of n?
5
Suppose 5*h - 4*p - 129 = 3593, 4*h + 3*p = 2990. What is the units digit of h?
6
Let f = 21 - 16. Suppose 2*j + 4 = -3*k, j + f*k = 4*j - 32. Suppose -5*h = -j*m + 164, -7*m + 164 = -3*m + 4*h. What is the units digit of m?
1
What is the units digit of (-369 - 2)/(1 - (-7 + 9))?
1
Suppose 0 = -4*l + 54 + 30. Let m = l - 35. Let q = 38 - m. What is the tens digit of q?
5
Suppose -5*i - 3*a + 2660 = 0, -1596 = -22*i + 19*i + 4*a. What is the units digit of i?
2
Suppose 3*x - 19 = 5*u - u, -5*x - 5*u + 20 = 0. Suppose -99 = -x*b - 24. What is the tens digit of 65/2 + b/(-10)?
3
What is the units digit of 68/272 + 3717/12?
0
Let n be ((-48)/(-14))/(4/(-28)). Let h be (n/(-10))/(3/20). Suppose -h = -4*u + 2*u. What is the units digit of u?
8
Let a be (-8)/(-2) + (0 - (-3 - -4)). Let f(s) = 3*s**2 - 6*s + 6. What is the tens digit of f(a)?
1
Let x = 1175 - 511. What is the tens digit of x?
6
Let o(a) = 2*a**3 + a**2 - a - 2. Let m be o(-2). Let g be ((-95)/(-10))/((-2)/m). Suppose 0*z + g = 3*z. What is the units digit of z?
9
Let y(b) = -b**3 - b**2 - b + 1. Let w be y(1). Let x be w/1 + 4 + 1. Suppose c = -x*q + 71, 6*c = 2*c + 8. What is the tens digit of q?
2
Suppose -s + y = -2*y + 6, -5*y + 44 = 4*s. Suppose 2*t = s*t - 168. What is the units digit of t?
2
Let m be (-1 + 0)/(1/(-27)). Suppose 4*v + p - 15 = -0*v, 5*v = -4*p + m. What is the units digit of (-4 + 3)/(-1) + v?
4
Let t(n) = -n**3 - 2*n**2. Let d = 5 + -8. Let g be t(d). Let f = 27 - g. What is the units digit of f?
8
Let i(g) = 17*g - 8. Let j be i(3). Suppose 0 = -5*c - j + 208. What is the units digit of c?
3
Let h(v) = 2*v**2 - 4*v. Let a = -30 + 34. What is the units digit of h(a)?
6
Let c(d) = 18*d**2 + 2*d - 8. What is the tens digit of c(-3)?
4
Suppose 16*j = 9*j + 2296. What is the tens digit of j?
2
Suppose 2*z = 3*f - 1630, 892 + 754 = 3*f + 2*z. Suppose -4*v - 10*v + f = 0. What is the units digit of v?
9
What is the tens digit of 6 + -5 - 129/(-1)?
3
Let g(f) = 2*f - 17. Let v(m) = m - 9. Let a(h) = -4*g(h) + 7*v(h). Let p(b) = -b**2 - 2*b + 9. Let t(u) = 5*a(u) - 3*p(u). What is the units digit of t(-4)?
2
Let j(a) = 3*a**3 - 7*a**2 - a + 32. What is the units digit of j(6)?
2
Let o be (-6)/(-2) + 9/(-3). Suppose 4*y = 0, -364 = -o*t - 4*t - y. What is the units digit of t?
1
Let h(t) = 332*t + 94. What is the units digit of h(6)?
6
Suppose -3 = -2*l + 5. Suppose -16 = -l*t + 3*t + 4*r, t + 3*r + 12 = 0. What is the tens digit of 45*1 - (4 - t)?
4
Suppose 3*c - 21 = -3*k, -3*k - 4*c + 13 = -11. Suppose -k*j - 483 = -11*j. What is the tens digit of j?
6
Suppose -4*o + 3782 = -6838. What is the hundreds digit of o?
6
Suppose 0 = 2*f + 5*s - 1699 + 241, 2*s = -f + 731. What is the tens digit of f?
3
Let z = -44 - -48. Suppose k + 291 = z*k. What is the tens digit of k?
9
What is the units digit of (-120)/100*32010/(-9)?
8
Let s(b) = -13*b + 14. Let i be s(-8). Let w = i + -46. What is the units digit of w?
2
Suppose 3*f - 2*d = 643 - 30, 5*d + 1020 = 5*f. Suppose 9*w = 110 + f. What is the units digit of w?
5
Let w(y) = -2*y**2 + 46*y + 2. What is the units digit of w(11)?
6
Suppose -3*o - 3 = -2*o, -4*n = -4*o - 20. Suppose 0 = 5*z + 2*j - 1404, -j = n*z - 0*j - 562. What is the hundreds digit of z?
2
Let g(n) = 20*n + 2. Let k be g(6). Suppose 5*x - k = -37. Let a = x + 15. What is the tens digit of a?
3
Let h(b) = b**3 + 9*b**2 - b - 6. Let c(o) = o**2 + 11*o + 14. Let i be c(-6). Let d be 0 + 0 + (i - -7). What is the units digit of h(d)?
3
Let b(k) be the first derivative of -20*k**4 - k**3 - k**2/2 - 11. What is the tens digit of b(-1)?
7
Suppose 0 = 3*a - v - 2739, -5*a + 2*v = 4*v - 4554. What is the tens digit of a?
1
Suppose -49*q + 50*q = 4. Suppose 585 = q*c - 239. What is the units digit of c?
6
Suppose 2*j - 27*r - 2590 = -31*r, 4*j - 5147 = 3*r. What is the thousands digit of j?
1
Let q = 60 + -58. What is the tens digit of (-1 + q - 4) + 295?
9
Let t(r) = -17 - 9*r + 29 - 7*r. What is the tens digit of t(-3)?
6
Let d(g) be the first derivative of -g**4/4 - 25*g**3/3 - 23*g**2/2 + 27*g - 19. What is the units digit of d(-24)?
3
Let g(j) = -j**3 + 14*j**2 - 11*j. Suppose 6*a - 49 = 2*a + d, d = -a + 16. What is the tens digit of g(a)?
2
Suppose 4*r - 2*c - 5806 = -0*c, 3 = -c. What is the units digit of r?
0
Let c(x) = 2*x**2 + 13*x + 20. Let g be 24/36*27/(-2). What is the units digit of c(g)?
5
Let q be -48*((-8)/(-3))/4. Suppose -4*d = -6 + 2. What is the units digit of (104/q)/(d/(-8))?
6
Let h = 14 - 15. Let k(z) be the second derivative of -11*z**3/6 + z**2/2 + 2*z. What is the units digit of k(h)?
2
Let k(r) = -3*r + 1. Let d be k(-2). Suppose d*c - 17 = 6*c. What is the tens digit of c?
1
Suppose 42 = 2*f - f. What is the units digit of (1 - -3*3)*147/f?
5
Suppose -2*q + q + 5*k = -38, -k - 58 = -3*q. Let y be (-8)/(-3)*27/q. Let z = 7 - y. What is the units digit of z?
3
Suppose 0 = -3*l - 10 - 77. Let c = 123 + l. What is the tens digit of c?
9
Let m(v) = 3*v**2 + v. Suppose 5 = -2*b - z, 0 = 2*b - 5*z - 8 - 5. Let y be m(b). Suppose 72 = y*a + 2*a. What is the units digit of a?
8
Suppose 0 = r + z - 5*z - 4, 0 = -2*z - 2. Suppose r = 22*i - 25*i + 195. What is the units digit of i?
5
What is the hundreds digit of (-8)/(-44) + (138304/22)/8?
7
Let w be ((-340)/(-80))/(2/(-40)). Let d be -53 + 1 - (3 - 4). Let y = d - w. What is the tens digit of y?
3
Suppose -3*n + 16 = -t, 5*n + 2*t - 57 = -12. Suppose n = -5*b + 127. What is the tens digit of b - (-3*4)/4?
2
Let j be (-2)/3*138/(-4). Suppose -5*o = -2 - j. Suppose 0 = w + 5*k - 27, 5*w - 6*k + o*k = 57. What is the units digit of w?
2
Let j be (-1 - 101)*(-2)/6. Suppose 33 = 3*m - 21. Let r = j - m. What is the tens digit of r?
1
Let y(r) = -16*r**3 - 4*r**2 - 3*r - 2. Let z be y(-2). Let x = -65 + z. What is the units digit of x?
1
Let q = 647 + -646. What is the units digit of q?
1
Let d be ((-3)/(-12))/(4/32). Suppose -2*i + 4*j = 27 - 167, 0 = -4*i - d*j + 310. What is the tens digit of i?
7
Suppose 0 = f - 10 - 6. Let x(w) = -w**3 + 16*w**2 - 9. Let r be x(f). What is the tens digit of 6/r + 208/6?
3
Suppose -39*h = -37*h - 3258. What is the hundreds digit of h?
6
Let n = -12 + 15. Suppose 4*p - 287 = -n*p. What is the tens digit of p?
4
Let t be (-36)/(-30)*10/3. Suppose 6*l - 34 = t*l. Let i = l + -8. What is the units digit of i?
9
Suppose -423 = -49*f + 116491. What is the thousands digit of f?
2
Let f = 0 - -2. Suppose f*r = r. Suppose r = -s + 5*s - 120. What is the units digit of s?
0
Let p(h) = h**3 - 15*h**2 - 3*h + 22. Suppose 2*z - 10 = 22. What is the tens digit of p(z)?
3
Let d = 345 - -570. What is the tens digit of d?
1
Let y(m) = 3*m - 1. Let n(g) = 4*g - 1. Let k(d) = -5*n(d) + 4*y(d). Let c = -36 + 32. What is the tens digit of k(c)?
3
Let n(a) = 11*a - 7. Let l(m) = -11*m + 8. Let y(f) = -4*l(f) - 5*n(f). Let w be y(-12). Let z = w + -96. What is the tens digit of z?
3
Suppose 0 = -33*o + o + 34560. What is the tens digit of o?
8
Let g(p) = 15 - 4*p**3 + 8*p**2 - p**3 + p**3 + 3*p**3 - 11*p. What is the units digit of g(6)?
1
Suppose 6*i + 98 = 1454. What is the units digit of i?
6
What is the units digit of (-56)/(-98) + 17562/14?
5
Let f(n) = -n. Let i be f(-4). Suppose 7 = 2*z + i*x - 1, 4*z + 2*x = 4. What is the units digit of z - (-12